ivided by 961?
32
What is the remainder when 7147 is divided by 26?
23
Calculate the remainder when 23298 is divided by 2905.
58
What is the remainder when 244745 is divided by 17?
13
What is the remainder when 7111 is divided by 375?
361
What is the remainder when 9390 is divided by 146?
46
What is the remainder when 2992 is divided by 181?
96
What is the remainder when 15987 is divided by 42?
27
What is the remainder when 248779 is divided by 165?
124
Calculate the remainder when 1897 is divided by 536.
289
Calculate the remainder when 573 is divided by 556.
17
What is the remainder when 77921 is divided by 149?
143
What is the remainder when 195820 is divided by 198?
196
Calculate the remainder when 185454 is divided by 91.
87
What is the remainder when 70222 is divided by 6?
4
Calculate the remainder when 100913 is divided by 19.
4
What is the remainder when 1603 is divided by 19?
7
Calculate the remainder when 12430 is divided by 96.
46
What is the remainder when 331 is divided by 102?
25
What is the remainder when 15227 is divided by 195?
17
What is the remainder when 5672 is divided by 362?
242
What is the remainder when 2268 is divided by 33?
24
Calculate the remainder when 157479 is divided by 133.
7
Calculate the remainder when 3131 is divided by 149.
2
What is the remainder when 9762 is divided by 35?
32
What is the remainder when 288635 is divided by 15?
5
Calculate the remainder when 334419 is divided by 22.
19
What is the remainder when 9184 is divided by 2289?
28
What is the remainder when 19189 is divided by 42?
37
Calculate the remainder when 4818053 is divided by 85.
83
What is the remainder when 165852 is divided by 5350?
2
What is the remainder when 4516 is divided by 31?
21
What is the remainder when 25880 is divided by 26?
10
Calculate the remainder when 14514 is divided by 631.
1
Calculate the remainder when 3573 is divided by 813.
321
Calculate the remainder when 87601 is divided by 894.
883
What is the remainder when 31903 is divided by 53?
50
Calculate the remainder when 3913 is divided by 239.
89
Calculate the remainder when 253196 is divided by 445.
436
Calculate the remainder when 2251868 is divided by 411.
410
What is the remainder when 48561 is divided by 276?
261
Calculate the remainder when 1512 is divided by 290.
62
What is the remainder when 13624 is divided by 92?
8
What is the remainder when 1627 is divided by 526?
49
Calculate the remainder when 172127 is divided by 12.
11
Calculate the remainder when 11522 is divided by 2.
0
Calculate the remainder when 77076 is divided by 11.
10
What is the remainder when 62497 is divided by 122?
33
What is the remainder when 5018 is divided by 374?
156
What is the remainder when 28975 is divided by 557?
11
Calculate the remainder when 1063048 is divided by 265756.
24
What is the remainder when 3217 is divided by 80?
17
What is the remainder when 751738 is divided by 340?
338
What is the remainder when 546936 is divided by 21?
12
Calculate the remainder when 32119 is divided by 5343.
61
Calculate the remainder when 803 is divided by 166.
139
What is the remainder when 923098 is divided by 16?
10
Calculate the remainder when 91783 is divided by 665.
13
What is the remainder when 780 is divided by 2?
0
Calculate the remainder when 393290 is divided by 45.
35
What is the remainder when 57220 is divided by 109?
104
What is the remainder when 88126 is divided by 432?
430
Calculate the remainder when 9749 is divided by 1572.
317
Calculate the remainder when 12202 is divided by 36.
34
What is the remainder when 3197 is divided by 921?
434
Calculate the remainder when 3273 is divided by 1504.
265
What is the remainder when 372096 is divided by 4001?
3
What is the remainder when 29717 is divided by 234?
233
Calculate the remainder when 156256 is divided by 102.
94
What is the remainder when 32279 is divided by 71?
45
What is the remainder when 61398 is divided by 475?
123
Calculate the remainder when 1737 is divided by 758.
221
Calculate the remainder when 115098 is divided by 147.
144
Calculate the remainder when 24531 is divided by 139.
67
Calculate the remainder when 222 is divided by 20.
2
Calculate the remainder when 70205 is divided by 5400.
5
Calculate the remainder when 29704 is divided by 88.
48
Calculate the remainder when 1492 is divided by 714.
64
What is the remainder when 15329 is divided by 1179?
2
Calculate the remainder when 147754 is divided by 158.
24
What is the remainder when 80729 is divided by 230?
229
What is the remainder when 1768 is divided by 300?
268
Calculate the remainder when 61006 is divided by 32.
14
What is the remainder when 37828 is divided by 19?
18
Calculate the remainder when 20102 is divided by 4011.
47
What is the remainder when 60351 is divided by 53?
37
What is the remainder when 165501 is divided by 2470?
11
Calculate the remainder when 1884 is divided by 327.
249
What is the remainder when 98765 is divided by 360?
125
What is the remainder when 6901 is divided by 135?
16
What is the remainder when 11967 is divided by 190?
187
What is the remainder when 12827 is divided by 3159?
191
Calculate the remainder when 1799 is divided by 467.
398
What is the remainder when 77520 is divided by 190?
0
Calculate the remainder when 3942 is divided by 2630.
1312
What is the remainder when 14519 is divided by 279?
11
What is the remainder when 53918 is divided by 26954?
10
Calculate the remainder when 12826 is divided by 373.
144
Calculate the remainder when 7487 is divided by 7392.
95
What is the remainder when 166043 is divided by 303?
302
Calculate the remainder when 363 is divided by 63.
48
What is the remainder when 19917 is divided by 15?
12
Calculate the remainder when 2840 is divided by 174.
56
Calculate the remainder when 13880 is divided by 23.
11
What is the remainder when 7150269 is divided by 669?
666
Calculate the remainder when 10988 is divided by 3657.
17
What is the remainder when 90639 is divided by 161?
157
Calculate the remainder when 21864 is divided by 705.
9
Calculate the remainder when 14337 is divided by 594.
81
Calculate the remainder when 532459 is divided by 266226.
7
Calculate the remainder when 113 is divided by 37.
2
Calculate the remainder when 585936 is divided by 311.
12
What is the remainder when 27453 is divided by 3050?
3
Calculate the remainder when 32822 is divided by 325.
322
Calculate the remainder when 1258189 is divided by 235.
234
What is the remainder when 198669 is divided by 330?
9
What is the remainder when 6946 is divided by 486?
142
What is the remainder when 25124 is divided by 1?
0
What is the remainder when 1124 is divided by 360?
44
Calculate the remainder when 51089 is divided by 1823.
45
Calculate the remainder when 105786 is divided by 163.
162
Calculate the remainder when 8383 is divided by 2090.
23
Calculate the remainder when 1596 is divided by 390.
36
Calculate the remainder when 431471 is divided by 49.
26
Calculate the remainder when 7051 is divided by 42.
37
Calculate the remainder when 24540 is divided by 23.
22
What is the remainder when 51705 is divided by 169?
160
Calculate the remainder when 44382 is divided by 98.
86
What is the remainder when 14430 is divided by 401?
395
Calculate the remainder when 1509 is divided by 359.
73
What is the remainder when 2386 is divided by 1013?
360
What is the remainder when 33667 is divided by 76?
75
Calculate the remainder when 14355 is divided by 575.
555
Calculate the remainder when 15216 is divided by 277.
258
What is the remainder when 65866 is divided by 4699?
80
What is the remainder when 647 is divided by 53?
11
Calculate the remainder when 122897 is divided by 100.
97
What is the remainder when 22116 is divided by 21954?
162
Calculate the remainder when 68066 is divided by 362.
10
What is the remainder when 30614 is divided by 5?
4
What is the remainder when 10565 is divided by 62?
25
What is the remainder when 6936 is divided by 183?
165
Calculate the remainder when 4014 is divided by 1956.
102
What is the remainder when 2439 is divided by 528?
327
What is the remainder when 7473 is divided by 622?
9
What is the remainder when 39681 is divided by 13225?
6
What is the remainder when 29372 is divided by 9743?
143
Calculate the remain